 multiple of 18?
False
Is 34 a factor of 8973?
False
Does 45 divide 14631?
False
Does 861 divide 7998690?
True
Does 8 divide 1513330?
False
Is 118222 a multiple of 81?
False
Is 198608 a multiple of 225?
False
Is 10815073 a multiple of 13?
False
Does 925 divide 923317?
False
Is 6985 even?
False
Is 515 a factor of 299215?
True
Is 4539438 a multiple of 27?
False
Is 158856 a multiple of 49?
False
Is 143 a factor of 4504020?
False
Does 44 divide 963951?
False
Is 14515875 a multiple of 85?
True
Is 178 a factor of 77252?
True
Is 15 a factor of 69861?
False
Is 130 a factor of 47109?
False
Does 471 divide 528462?
True
Does 158 divide 5901142?
True
Is 400 a factor of 18720401?
False
Is 235720 a multiple of 20?
True
Is 76 a factor of 384712?
True
Does 63 divide 3705786?
True
Is 1120923 a multiple of 269?
True
Is 5 a factor of 4458682?
False
Does 70 divide 112980?
True
Does 402 divide 1396712?
False
Is 19040 a multiple of 32?
True
Does 36 divide 93600?
True
Is 112749 a multiple of 147?
True
Is 82 a factor of 744970?
True
Is 564 a factor of 3953522?
False
Is 581 a factor of 852173?
False
Is 297 a factor of 653505?
False
Does 29 divide 77390?
False
Does 12 divide 29643774?
False
Is 28002 a multiple of 39?
True
Is 289003 a multiple of 4?
False
Is 6057508 a multiple of 68?
True
Does 16 divide 10761032?
False
Is 370 a factor of 6667030?
True
Is 40 a factor of 98760?
True
Does 19 divide 19342417?
False
Is 970 a factor of 4384697?
False
Is 7 a factor of 17678?
False
Does 39 divide 6879093?
True
Does 169 divide 394615?
True
Does 303 divide 140309?
False
Does 14 divide 360462?
False
Is 281820 a multiple of 132?
True
Is 18 a factor of 130698?
True
Is 14487 a multiple of 3?
True
Does 38 divide 49780?
True
Is 1095362 a multiple of 12?
False
Is 64 a factor of 1000854?
False
Is 64 a factor of 6601792?
True
Does 32 divide 71552?
True
Is 733488 a multiple of 336?
True
Is 9 a factor of 56994?
False
Is 15 a factor of 48381?
False
Does 3 divide 215842?
False
Is 636020 a multiple of 77?
True
Does 379 divide 791352?
True
Does 8 divide 8980498?
False
Is 838321 a multiple of 192?
False
Does 275 divide 1505887?
False
Does 77 divide 217386?
False
Is 72901 a multiple of 59?
False
Is 724 a factor of 10898980?
False
Is 184 a factor of 866640?
True
Is 4 a factor of 18700?
True
Does 25 divide 419500?
True
Does 675 divide 4739148?
False
Is 156178 a multiple of 62?
True
Is 158274 a multiple of 54?
True
Does 10 divide 14352020?
True
Does 110 divide 1577400?
True
Does 144 divide 686016?
True
Does 432 divide 303696?
True
Is 253258 a multiple of 675?
False
Is 184179 a multiple of 219?
True
Does 183 divide 2548987?
False
Is 2755377 a multiple of 1173?
True
Is 263 a factor of 5454094?
True
Does 79 divide 11118855?
True
Is 9461882 a multiple of 62?
True
Is 4553164 a multiple of 14?
True
Does 28 divide 14883148?
True
Is 8 a factor of 6944?
True
Is 64722 a multiple of 23?
True
Is 39 a factor of 100359?
False
Is 2216996 a multiple of 38?
True
Does 433 divide 128468?
False
Is 50 a factor of 103350?
True
Is 232837 a multiple of 16?
False
Is 14 a factor of 5560130?
False
Is 18 a factor of 1461402?
True
Does 126 divide 668430?
True
Does 57 divide 358121?
False
Does 293 divide 187004?
False
Is 599808 a multiple of 8?
True
Does 14 divide 68372?
False
Does 1246 divide 2875810?
False
Is 4 a factor of 183856?
True
Does 46 divide 75486?
True
Does 21 divide 134395?
False
Does 364 divide 824824?
True
Is 498034 a multiple of 55?
False
Is 278168 a multiple of 205?
False
Is 134 a factor of 1394668?
False
Does 388 divide 2708631?
False
Is 15 a factor of 86655?
True
Does 81 divide 87480?
True
Does 12 divide 301634?
False
Is 739260 a multiple of 74?
True
Does 16 divide 481529?
False
Is 15 a factor of 195525?
True
Is 2494320 a multiple of 1136?
False
Does 25 divide 12209225?
True
Is 68 a factor of 452744?
True
Is 11157 a multiple of 12?
False
Is 218 a factor of 27966?
False
Is 231 a factor of 9430230?
False
Is 1169754 a multiple of 62?
True
Is 1035504 a multiple of 102?
True
Is 587408 a multiple of 16?
True
Is 17148003 a multiple of 43?
False
Is 248812 a multiple of 68?
True
Does 48 divide 1120584?
False
Is 3 a factor of 46034?
False
Is 152661 a multiple of 415?
False
Does 6 divide 6109672?
False
Is 9601173 a multiple of 1094?
False
Is 28349 a multiple of 15?
False
Is 7 a factor of 504667?
False
Is 5615193 a multiple of 771?
True
Is 266 a factor of 1108525?
False
Does 1022 divide 7428907?
False
Is 419 a factor of 15522650?
False
Does 366 divide 7394298?
True
Is 585808 a multiple of 752?
True
Does 305 divide 611852?
False
Is 3172 a multiple of 2?
True
Is 29077 a multiple of 41?
False
Is 12 a factor of 236326?
False
Does 10 divide 535132?
False
Does 343 divide 9064624?
False
Does 95 divide 106317?
False
Does 44 divide 2889543?
False
Does 134 divide 132556?
False
Is 238 a factor of 873222?
True
Is 224 a factor of 36064?
True
Is 43 a factor of 12534672?
True
Is 154 a factor of 1340451?
False
Is 275 a factor of 10802698?
False
Is 163 a factor of 82942?
False
Is 11 a factor of 920425?
True
Is 49455 a multiple of 45?
True
Is 73892 a multiple of 26?
True
Does 9 divide 24229?
False
Does 36 divide 18979905?
False
Is 46 a factor of 100004?
True
Is 33297 a multiple of 45?
False
Does 27 divide 2098850?
False
Is 49 a factor of 3306863?
True
Does 268 divide 6319172?
True
Does 15 divide 168839?
False
Is 57 a factor of 14706?
True
Is 416 a factor of 7064512?
True
Is 40 a factor of 7779920?
True
Does 282 divide 15992917?
False
Does 138 divide 293220?
False
Is 1832859 a multiple of 63?
True
Does 31 divide 3530838?
True
Is 204 a factor of 233720?
False
Is 131 a factor of 112529?
True
Is 10 a factor of 37720?
True
Is 452 a factor of 155940?
True
Is 4717 a multiple of 53?
True
Is 438 a factor of 715695?
False
Does 19 divide 401536?
False
Is 35 a factor of 68189?
False
Does 8 divide 133069?
False
Does 140 divide 1945300?
True
Is 187 a factor of 64515?
True
Is 91 a factor of 6252749?
False
Does 7 divide 98119?
True
Is 771659 a multiple of 7?
True
Is 16 a factor of 310800?
True
Does 207 divide 163553?
False
Is 1930172 a multiple of 932?
True
Is 317 a factor of 158817?
True
Is 1418017 a multiple of 9?
False
Is 123955 a multiple of 65?
True
Is 6 a factor of 28183?
False
Is 17 a factor of 490354?
False
Is 6124730 a multiple of 985?
True
Does 955 divide 709371?
False
Does 642 divide 1550752?
False
Is 23 a factor of 2523593?
False
Is 1663428 a multiple of 21?
False
Is 1864 a factor of 11508098?
False
Is 10456184 a multiple of 29?
False
Is 337 a factor of 3367641?
True
Does 115 divide 257370?
True
Does 13 divide 161460?
True
Does 49 divide 9555?
True
Is 23 a factor of 592384?
False
Is 69 a factor of 98469?
False
Is 176455 a multiple of 5?
True
Is 271 a factor of 285092?
True
Does 297 divide 23999?
False
Is 214200 a multiple of 15?
True
Is 7 a factor of 46165?
True
Is 83125 a multiple of 118?
False
Does 25 divide 96650?
True
Is 4 a factor of 128120?
True
Does 22 divide 52736?
False
Does 104 divide 277680?
True
Is 526080 a multiple of 685?
True
Is 26 a factor of 923468?
True
Does 104 divide 284554?
False
Is 214 a factor of 149586?
True
Does 173 divide 462876?
False
Is 11788 a multiple of 5?
False
Does 12 divide 2340420?
True
Is 165 a factor of 144540?
True
Does 13 divide 1262651?
True
Is 1642487 a multiple of 13?
False
Is 1184226 a multiple of 2?
True
Does 16 divide 1200384?
True
Is 30444 a multiple of 86?
True
Is 811648 a multiple of 544?
True
Is 2139199 a multiple of 55?
False
Does 204 divide 528360?
True
Is 4622206 a multiple of 32?
False
Is 4971256 a multiple of 334?
True
Does 496 divide 1487008?
True
Is 235068 a multiple of 19?
True
Does 21 divide 130097?
False
Does 68 divide 205666?
False
Does 3 divide 102766?
False
Is 24 a factor of 6125115?
False
Is 475820 a multiple of 74?
True
Is 12920294 a multiple of 12?
False
Is 157369 a multiple of 15?
False
Is 6342000 a multiple of 70?
True
Does 14 divide 406798?
True
Is 36 a factor of 318772?
False
Is 49 a factor of 2862686?
False
Does 83 divide 414585?
True
Is 39 a factor of 237111?
False
Is 460438 a multiple of 11?
True
Is 397 a factor of 422805?
True
Does 38 divide 1165764?
True
Is 242 a factor of 350900?
True
Is 4158 a multiple of 21?
True
Is 257508 a multiple of 9?
True
Is 337997 a multip